{"id":171,"date":"2025-07-26T13:37:52","date_gmt":"2025-07-26T13:37:52","guid":{"rendered":"https:\/\/mariuszkoziel.pl\/?page_id=171"},"modified":"2025-07-27T20:04:35","modified_gmt":"2025-07-27T20:04:35","slug":"28-maja-2025","status":"publish","type":"page","link":"https:\/\/mariuszkoziel.pl\/index.php\/28-maja-2025\/","title":{"rendered":"28 maja 2025"},"content":{"rendered":"\n<div class=\"wp-block-group has-background is-vertical is-layout-flex wp-container-core-group-is-layout-1a71d7b5 wp-block-group-is-layout-flex\" style=\"background-color:#7d470740;margin-top:0;margin-bottom:0;padding-top:var(--wp--preset--spacing--40);padding-right:var(--wp--preset--spacing--30);padding-bottom:var(--wp--preset--spacing--40);padding-left:var(--wp--preset--spacing--30)\">\n<p>Utrecht (NL), Tivoli Vredenburg<\/p>\n\n\n\n<h2 class=\"wp-block-heading\">Program koncertu:<\/h2>\n\n\n\n<p class=\"is-style-default has-medium-font-size wp-container-content-6388d5dc\"><strong>D. Buxtehude (1637-1707)<\/strong> &#8211; Praeludium in G minor BuxWV 163<br><strong>J.P. Sweelinck (1562-1621)<\/strong> &#8211; Partita on Est-ce Mars?<br><strong>G. Muffat (1652-1704)<\/strong> &#8211; Toccata Prima from Apparatus Musico-Organisticus <br><strong>Jan from Lublin (16. century)<\/strong> &#8211; Organ Tablature:<br>    *Poznanie<br>    *Jeszcze Marcinie<br>    *Taniec Hajducki<br><strong>M. Reger (1873-1916)<\/strong> &#8211; Toccata in d minor op. 59 nr 5<br><strong>J.S. Bach (1685-1750)<\/strong> &#8211; Choral Prelude on <em>O Mensch, bewein&#8217; dein&#8217; S\u00fcnde gro\u00df<\/em> BWV 622<br><strong>M. Kozie\u0142 (*1998)<\/strong> &#8211; Choral preludes:<br>    *G\u0142o\u015b Imi\u0119 Pana<br>    *Kto los sw\u00f3j z\u0142o\u017cy\u0142 w r\u0119ce Boga<br>    *O, G\u0142owo uwie\u0144czona<br><strong>J.S. Bach<\/strong> &#8211; Prelude and Fuge in G major BWV 541<\/p>\n\n\n\n<div style=\"height:0px\" aria-hidden=\"true\" class=\"wp-block-spacer wp-container-content-6388d5dc\"><\/div>\n\n\n<div style=\"gap: 20px;padding-top: var(--wp--preset--spacing--30); padding-bottom: var(--wp--preset--spacing--30); \" class=\"align-button-center ub-buttons orientation-button-row ub-flex-wrap wp-block-ub-button\" id=\"ub-button-8a91a02c-0a2e-4994-b25b-b07298bfbf14\"><div class=\"ub-button-container\">\n\t\t\t<a href=\"https:\/\/mariuszkoziel.pl\/index.php\/kalendarz\" target=\"_self\" class=\"ub-button-block-main   ub-button-flex\" role=\"button\" style=\"--ub-button-background-color: #a52a2a; --ub-button-color: #ffffff; --ub-button-border: none; --ub-button-hover-background-color: #4b0101; --ub-button-hover-color: #ffffff; --ub-button-hover-border: none; padding-top: 10px; padding-right: 10px; padding-bottom: 10px; padding-left: 10px; border-top-left-radius: 100px;; border-top-right-radius: 100px;; border-bottom-left-radius: 100px;; border-bottom-right-radius: 100px;; \">\n\t\t\t\t<div class=\"ub-button-content-holder\" style=\"flex-direction: row\">\n\t\t\t\t\t<span class=\"ub-button-block-btn\">Powr\u00f3t<\/span>\n\t\t\t\t<\/div>\n\t\t\t<\/a>\n\t\t<\/div><\/div><\/div>\n","protected":false},"excerpt":{"rendered":"<p>Utrecht (NL), Tivoli Vredenburg Program koncertu: D. Buxtehude (1637-1707) &#8211; Praeludium in G minor BuxWV 163J.P. Sweelinck (1562-1621) &#8211; Partita on Est-ce Mars?G. Muffat (1652-1704) &#8211; Toccata Prima from Apparatus Musico-Organisticus Jan from Lublin (16. century) &#8211; Organ Tablature: *Poznanie *Jeszcze Marcinie *Taniec HajduckiM. Reger (1873-1916) &#8211; Toccata in d minor op. 59 nr 5J.S. [&hellip;]<\/p>\n","protected":false},"author":1,"featured_media":0,"parent":0,"menu_order":0,"comment_status":"closed","ping_status":"closed","template":"","meta":{"footnotes":""},"class_list":["post-171","page","type-page","status-publish","hentry"],"featured_image_src":null,"_links":{"self":[{"href":"https:\/\/mariuszkoziel.pl\/index.php\/wp-json\/wp\/v2\/pages\/171","targetHints":{"allow":["GET"]}}],"collection":[{"href":"https:\/\/mariuszkoziel.pl\/index.php\/wp-json\/wp\/v2\/pages"}],"about":[{"href":"https:\/\/mariuszkoziel.pl\/index.php\/wp-json\/wp\/v2\/types\/page"}],"author":[{"embeddable":true,"href":"https:\/\/mariuszkoziel.pl\/index.php\/wp-json\/wp\/v2\/users\/1"}],"replies":[{"embeddable":true,"href":"https:\/\/mariuszkoziel.pl\/index.php\/wp-json\/wp\/v2\/comments?post=171"}],"version-history":[{"count":2,"href":"https:\/\/mariuszkoziel.pl\/index.php\/wp-json\/wp\/v2\/pages\/171\/revisions"}],"predecessor-version":[{"id":189,"href":"https:\/\/mariuszkoziel.pl\/index.php\/wp-json\/wp\/v2\/pages\/171\/revisions\/189"}],"wp:attachment":[{"href":"https:\/\/mariuszkoziel.pl\/index.php\/wp-json\/wp\/v2\/media?parent=171"}],"curies":[{"name":"wp","href":"https:\/\/api.w.org\/{rel}","templated":true}]}}